Calculate the greatest common factor of c and 42.
14
Let h(z) = z**3 + 9*z**2 - 2*z - 9. Let r be h(-9). Suppose r*g - 5*g - 20 = 0. Calculate the greatest common factor of 2 and g.
1
Suppose 0 = -2*f - 0*f + 160. Suppose 2*c + f = 6*c. What is the greatest common divisor of c and 20?
20
Let c be -9 + 6/((-9)/3). Let f = c + 71. Suppose 3*l + h = 74, 0 = -4*l - 2*h + 45 + 55. Calculate the highest common divisor of l and f.
12
Let m(x) = x - 1. Let t be m(2). Let f be (t/(-2))/(-1)*0. Suppose s = -u + 2*s + 9, f = 3*s + 3. Calculate the greatest common divisor of u and 20.
4
Suppose 6 = 7*m - 4*m. What is the greatest common divisor of 28 and m?
2
Let c be (-1)/(2/(-36)*-1). Let f = -8 - c. Let y = -1 + 11. What is the highest common divisor of y and f?
10
Let u = -240 + 402. Let x = u - 82. What is the highest common divisor of 20 and x?
20
Let x = -10 + 10. Suppose -3*f + 20 = -4*n, x = 4*f + 5*n - 52 - 16. What is the greatest common factor of f and 72?
12
Let m be 2/(-4)*(-16)/2. Suppose 2 + 10 = m*s. Suppose -2*n = -0*n - 2. Calculate the greatest common divisor of s and n.
1
Let r be -2*(45/6)/3. Let u(j) = -j**2 - 5*j + 4. Let x be u(r). What is the highest common divisor of x and 28?
4
Let t(z) = z**2 + 3. Let o be t(3). Let j = o - 3. Let k be ((-24)/j)/((-2)/6). Calculate the highest common factor of k and 4.
4
Let d be 721/4 - 1/4. What is the greatest common factor of d and 20?
20
Suppose -5*w - 2*p = -5*p + 40, 30 = -3*w + 3*p. Let c(i) = -4*i. Let o be c(w). Suppose 0 = -n - 0*n + 20. Calculate the greatest common divisor of o and n.
20
Let d be (9/(-2))/(2/4). Let h(c) = -6*c - 7*c**3 + 5 + 6*c**3 + 7*c - 8*c**2. Let g be h(d). Calculate the greatest common divisor of 7 and g.
7
Let f = 55 - 29. Suppose r - f = 16. Suppose -l + 4 = -10. Calculate the highest common factor of r and l.
14
Let d(b) = 5*b + 2. Let v be d(2). Let m = -12 + 7. Let w = -2 - m. Calculate the greatest common factor of w and v.
3
Let i(r) = r**3 + 8*r**2 - 10*r - 8. Let s be i(-8). Calculate the greatest common factor of 8 and s.
8
Suppose -4*g - u + 165 = 0, g - 5*u = 19 - 4. Suppose 2*a - 2 = a. Suppose -7*w + a*w = -50. Calculate the greatest common factor of w and g.
10
Let c(t) = -5*t**2 - 6*t - 36. Let s(d) = 4*d**2 + 5*d + 37. Let r(q) = 3*c(q) + 4*s(q). Let v be r(0). Calculate the greatest common factor of 60 and v.
20
Let z = 20 + 0. Let j = 15 + z. Suppose -3*i + j = 8. What is the highest common factor of i and 9?
9
Let k be ((-9)/(-6))/(-1) - 19/(-2). Calculate the greatest common factor of k and 2.
2
Let o be 16*(-4 + 7/(56/36)). Calculate the highest common factor of 56 and o.
8
Suppose -3*t = -11 - 19. What is the greatest common factor of 5 and t?
5
Let h = 146 + -118. Calculate the greatest common divisor of 196 and h.
28
Let o(n) = -n**3 - 6*n**2 - 2*n + 1. Let i be 0 - 3 - (0 - -3). Let h be o(i). Calculate the greatest common factor of 91 and h.
13
Suppose 3 = -w - 2*k, -4*k = -5*w - 3*k + 18. Suppose 24 = c + 2*l, -3*c = 2*c - w*l - 68. What is the highest common divisor of 16 and c?
16
Let n = 65 + -39. Suppose 4*p = 3*m - 119, -3*p + 5 = -4*p. Let a = m + -20. Calculate the greatest common factor of n and a.
13
Let w(r) = 0*r - r**2 - 4*r + 11*r + 5. Let p be w(7). Calculate the greatest common divisor of 10 and p.
5
Let x = -8 + 20. Suppose -3*n - 2*d = -0*d - 256, n + 5*d - 94 = 0. What is the greatest common factor of n and x?
12
Let o be 4/(-14) + (-1440)/(-140). Let w be (-12)/54 + 20/9. Calculate the greatest common divisor of w and o.
2
Let v be 2 - (4 + -8 + -14). What is the highest common factor of v and 5?
5
Suppose -2*i - 19 - 1 = 0. Let h be 0 - -2 - i/2. Suppose -3*b + 99 = -3*g, -3*g - 111 = -3*b - 6*g. Calculate the greatest common factor of h and b.
7
Let n(w) = 16*w - 33. Let h be n(13). What is the greatest common factor of 70 and h?
35
Suppose -3*b - 4 = -5*b. Suppose 4*m + 672 = 4*j, -m + 348 = b*j + m. Calculate the highest common factor of 19 and j.
19
Suppose 4*c + 5*t - 43 - 13 = 0, 47 = 3*c + 5*t. Let s be 75/c + (-1)/3. Let p(k) = 3*k**2 - k - 2. Let h be p(2). What is the highest common factor of h and s?
8
Let r = -38 + 47. What is the greatest common divisor of r and 12?
3
Let n = 10 - -5. Suppose -2*g - n = -5*g. Suppose 3*m = g*u + 2, 2*u - 4 + 0 = 0. Calculate the highest common divisor of 28 and m.
4
Let k(z) be the third derivative of z**6/120 + z**5/30 - z**4/24 - 3*z**2. Let r be k(-2). What is the greatest common factor of r and 3?
1
Let s(o) = -o**3 + 2*o**2 - 2*o - 1. Let n be s(-3). Suppose -l - 5*c = -n, -2*l - 2*c = -0*l - 100. Calculate the highest common divisor of l and 20.
10
Let d(g) = 4*g**2 - 3*g**2 + 2 - 3*g + 6*g. Let f be d(-3). Let m be (0/f)/1 - -2. What is the greatest common divisor of m and 16?
2
Let i = 24 - 4. Let r = 44 - i. Let x be (1 - 1/(-3))*12. What is the greatest common divisor of x and r?
8
Let r be 33/(2 - (-28)/(-8)). Let p = r + 92. What is the greatest common factor of p and 28?
14
Let n = -3 - -35. What is the greatest common factor of 8 and n?
8
Suppose 5*b + 10 = 55. Calculate the greatest common divisor of b and 36.
9
Suppose -87 = -4*d + 345. What is the highest common divisor of 36 and d?
36
Let z(w) = 6*w**2 - 15*w + 12. Let p(a) = 7*a**2 - 16*a + 13. Let h(j) = -5*p(j) + 6*z(j). Let n be h(10). Calculate the highest common divisor of n and 77.
7
Suppose -16 = 4*w + 4*x, 4*w + x + 41 - 13 = 0. Let c = 11 + w. What is the greatest common divisor of c and 2?
1
Let y = -20 + 101. Calculate the highest common factor of 9 and y.
9
Let t = 37 + 15. Calculate the highest common divisor of t and 13.
13
Let a be (2 - 4 - -3) + 12. Let v = 26 - a. Calculate the highest common factor of 26 and v.
13
Let j = 4 - -3. Let z be 7/(j/(-2)) + 29. Calculate the greatest common divisor of 297 and z.
27
Let v(h) = -17*h - 14. Let o be v(-6). Calculate the highest common factor of 8 and o.
8
Let x = -32 + 57. Suppose -n + x = c, n = -n. Calculate the highest common divisor of c and 5.
5
Suppose 5*s = 33 + 17. Let g(z) = -z**2 + 19*z + 8. Let m be g(s). Let j be -3*((-14)/(-3))/(-1). Calculate the highest common factor of m and j.
14
Suppose -2*m = -2*s - 24, -39 = 3*m - 7*m - 5*s. Suppose 2 - m = -3*z. Calculate the greatest common divisor of 15 and z.
3
Suppose -2*w = -5*h - 4, 0 = 2*w - 3*w + 4*h - 1. Let j(a) = a**2 - a + 35. Let u be j(0). What is the greatest common factor of u and w?
7
Let q be (-8)/12 - 206/(-3). What is the greatest common factor of 17 and q?
17
Let y(n) = -n - 3. Let g be y(-7). What is the highest common divisor of g and 10?
2
Suppose -4*j - 42 = -146. Calculate the greatest common divisor of 39 and j.
13
Let a(b) = 3*b - 7. Let c be a(5). Let q = 7 + -5. What is the greatest common factor of q and c?
2
Let c = -46 - -66. Let x = 13 - 30. Let g = -7 - x. What is the greatest common divisor of c and g?
10
Let v(n) = 3*n - 73. Let z be v(31). Let s(a) = a**2 + a + 20. Let x be s(0). What is the highest common divisor of z and x?
20
Suppose 0 = 4*w + w - 605. Suppose 3*q + 18 + w = -5*m, -5*m = q + 133. Let l = m - -36. What is the highest common factor of l and 90?
10
Let r be (4 + 21/(-4))*4. Let a be (-320)/(-6)*(-12)/r. Calculate the highest common factor of a and 16.
16
Let j = 9 + -5. Calculate the highest common factor of 20 and j.
4
Let x(g) = -g**3 + 8*g**2 + 19*g + 26. Let j be x(10). Let r(u) = 2*u**3 - 8*u**2 - 3*u + 2. Let y be r(6). Calculate the greatest common divisor of y and j.
16
Let t(y) be the first derivative of -y**2 + 2 - y + 2*y**2 - 1. Let g be t(8). What is the highest common factor of g and 3?
3
Suppose 3*x = -6 - 0. Let q be 126/4 + (-1)/x. Let w(l) = -l + 13. Let j be w(-3). Calculate the highest common divisor of j and q.
16
Let q = 71 - 20. Let s(o) = 35*o + 1. Let r(w) = w + 1. Let l(p) = 2*r(p) - s(p). Let y be l(-1). What is the greatest common factor of y and q?
17
Let y(q) = 7*q**3 - q**2 - 3*q - 1. Let v be y(-2). Let a = v - -91. What is the highest common divisor of 4 and a?
4
Let t(o) = -5*o - 23. Let u be t(-7). Suppose 14 = 2*c + 4*s, -3*c - 4*s = -s - 15. Calculate the greatest common divisor of u and c.
3
Let r = 156 - 21. Calculate the highest common divisor of r and 54.
27
Suppose h + 3 = 0, -h - 4